50. Let z = w + 1581. Suppose -3*d = 2*d - z. Is d prime?
True
Let t(v) = 2*v**2 + 27. Is t(14) prime?
True
Suppose -4*o + 496 + 1132 = 0. Is o a prime number?
False
Suppose 2*m = -8 + 10. Is (-3 + 7 + 31)*m a composite number?
True
Let a(r) = 11*r**3 + r. Let i be -3 - ((2 - 2) + -2). Let z be a(i). Let w = 1 - z. Is w a composite number?
False
Let n(r) = 10*r + 40. Let g(z) = -1 - 1 + 1 + 0. Let m(f) = -40*g(f) - n(f). Is m(-1) prime?
False
Suppose -641 = -5*o + 3*a, 0 = 2*o - a + 3*a - 250. Is o composite?
False
Let u = 44 - 16. Suppose -4*p - x = -48, -6*p + 2*p + 4*x + u = 0. Is p composite?
False
Let b be ((-2)/2)/(3/18). Let p be (-64)/b*51/(-2). Let i = p - -493. Is i a composite number?
True
Suppose 7*v = 1889 + 456. Is v a composite number?
True
Let q = -1091 - 316. Is 2/3 - q/9 composite?
False
Let j be (1 + (-231)/(-9))*3. Suppose 5*z = i - j, -4*z = -i - 0*z + 78. Suppose -2*q = -7*q + i. Is q prime?
False
Let q(x) = x**3 + 13*x**2 + 11*x - 12. Let y be q(-12). Suppose -5 = -5*j, -5*s + 111 = j - y*j. Is s a prime number?
False
Suppose -f - 13 = 5*r + 11, 2*f + 3 = -r. Is 222 + (r - -3) - -3 composite?
False
Let o = 2678 + -1893. Is o prime?
False
Suppose h + 5*k = 27, 3*h - 2*k = k - 9. Suppose -74 = -4*p + h*p. Is p composite?
False
Suppose -3*l = -5*o + 1731 - 427, 4*l = 5*o - 1307. Is o a composite number?
True
Suppose z = 5 - 9. Let g(y) = -30*y - 4. Let a be g(7). Is a/(-10) + z/10 a composite number?
True
Let w = 68 - 6. Suppose 3*p + w = 5*y, -2*p - 89 = -5*y - 26. Is y prime?
True
Suppose -2 = -y + 1. Suppose 3 = -y*b + j + 18, 0 = -3*j. Suppose b*s + 7 - 22 = 0. Is s composite?
False
Suppose -848 = -2*q - 2*q. Let n(u) = u**3 + 12*u**2 + 12*u + 11. Let t be n(-11). Suppose -4*a + t*a = -q. Is a a prime number?
True
Let p(b) = -b**3 + 8*b**2 - 6*b - 7. Let q be p(7). Suppose q = -0*o + 2*o - 662. Is o prime?
True
Let p = 127 - 74. Is p composite?
False
Let k = 5 + -3. Let i be k + 4/2 - 0. Suppose 0*b + i*b - 132 = 0. Is b composite?
True
Suppose -3*k + 652 = 2*f, k = -k - 4. Is f composite?
True
Suppose 5*p + 55 + 65 = 0. Let x = -1 - p. Is x a prime number?
True
Let b(u) = -1 - 1 - 7*u - 2 + 0. Is b(-5) composite?
False
Let q(k) = 3*k**3 + 1. Let c be q(1). Suppose -c*o + 598 = -174. Let n = -124 + o. Is n prime?
False
Let t = 197 - 48. Is t a prime number?
True
Suppose -g + 3*a + 72 = 0, g = 2*a + 60 + 12. Suppose 29 = -n + g. Let y = n - 18. Is y composite?
True
Let h be (-1)/(-2)*1*60. Suppose 4*q - 270 = h. Let a = 22 + q. Is a a composite number?
False
Let u(f) = -f - 6. Let m be u(-5). Let s be ((-33)/6)/(m/6). Let d = s - -20. Is d a composite number?
False
Let z = -30 - -45. Let u be -5*(1 - 21/z). Suppose 4*s + u*o = -o + 47, -43 = -4*s + o. Is s prime?
True
Let r = 14 + -8. Let v(f) = -f**2 + 8*f - 8. Let i be v(r). Let l(o) = o**3 - 3*o**2 + 4*o - 1. Is l(i) prime?
True
Is 1358/16 - (-7)/56 a composite number?
True
Let h(i) = 5*i**2 - 4*i - 5. Is h(-6) a prime number?
True
Let s = 26 + -84. Is (s/(-2))/((-8)/(-40)) composite?
True
Suppose -20 = -5*h, -t - 3*h + 2*h + 5 = 0. Suppose n + 6*n - 1141 = 0. Is (2 - t)*1*n a prime number?
True
Let c(d) = 89*d + 83. Is c(24) a prime number?
False
Let m = 1569 + -728. Is m a prime number?
False
Let s(g) = 73*g + 18. Is s(16) a prime number?
False
Let i be 1*((-6)/(-3) - 1). Suppose 0 = 4*b - i - 15. Suppose 0 = q - 19 + b. Is q composite?
True
Let n(p) = 784*p**2 + 3*p. Is n(1) composite?
False
Suppose 203 = 4*m - 61. Is (-6)/30 - m/(-5) a prime number?
True
Suppose -5*c + 66 = -4*c + 4*p, 5*p - 177 = -3*c. Is (-1 + c)*(-5)/(-5) a composite number?
False
Suppose -l + 1 = 3*h, -65 = -0*l - 5*l - 3*h. Suppose 0 = -0*m + 4*m - l. Suppose -3*n = -m*g + 72, 4*g + 2*n - 4*n - 76 = 0. Is g a prime number?
False
Let g = -17112 - -8718. Suppose -339 = 5*m + 3*n, 3 = 5*n - 6*n. Is g/m - 2/11 a composite number?
False
Suppose 4*i + 0*i = 532. Let z = 192 - i. Is z a prime number?
True
Let s = 20 - 11. Suppose -s*i + 962 = -7*i. Is i a prime number?
False
Let z = 8 + -4. Let j be z + -1 + (3 - 3). Suppose j*g - 210 + 51 = 0. Is g prime?
True
Suppose -4*q + 2*j = -354, 0*q - 4*j + 93 = q. Is q prime?
True
Suppose 2*b + 0 = -2. Is 46 - 2 - (-4 - b) a composite number?
False
Let h(s) = 52*s**2 - s + 1. Is h(-2) a composite number?
False
Let z(c) = -c**2 - 8*c + 10. Let g(r) = 2*r**2 + 15*r - 19. Let j(x) = 6*g(x) + 11*z(x). Suppose 5*k = 4*k + 3. Is j(k) a composite number?
False
Suppose 3*h - 4 - 2 = 0. Suppose c = -h*c + 57. Is c a prime number?
True
Suppose -2*m - 466 = -4*m. Let b = m + -52. Is b composite?
False
Suppose 1926 = 5*z + 3*h, -2*z + 3*h - 2*h + 777 = 0. Suppose j - z = -2*j. Is j prime?
False
Suppose 110 = 5*s + 3*h, 3*s + 2*h - 22 = 2*s. Let i = 7 + -3. Let a = s + i. Is a prime?
False
Suppose -c + 1 = 3*s, -s - 2*c + 2 = -0*s. Suppose s = -q, -3*q - 2 + 5 = f. Suppose -273 = -f*i - 0*i. Is i composite?
True
Suppose -20 = -0*h - 4*h. Suppose 16 = h*n + 1. Suppose -11 = -5*q - u, n*q = -4*u - u + 11. Is q prime?
True
Let k(l) = l**3 + 4*l**2 + 2*l - 2. Let m be k(-4). Let g be (-108)/(-15) - (-2)/m. Suppose -3*b = h - 22, -g*h + b + 18 = -6*h. Is h a prime number?
True
Is (-1 + 4)*693/27 composite?
True
Suppose 96 = t - 5*z, -t + 256 = 2*t + z. Suppose 5*u - t + 31 = 0. Is u a prime number?
True
Suppose 0 = 2*o + o + g - 45, g = 3. Suppose o = 5*j - 6, 3*t - j = 1889. Is t prime?
True
Let z(p) = 2*p**2 - p - 2. Let d(t) = t**2 + 5*t + 2. Let m be d(-5). Let v be z(m). Suppose 0 = -v*g - 0*g + 260. Is g prime?
False
Is 12/8*(-166)/(-3) prime?
True
Let q(j) = j**3 + 3269. Is q(0) composite?
True
Let t = 3308 + -2325. Is t composite?
False
Let v be 4 + -1 - (-1 - 459). Let q = -304 + v. Is q a prime number?
False
Suppose -o - 2*n + 809 = -6*n, o - 818 = -5*n. Is o prime?
False
Let d(l) = 272 + 2*l + l - 67 - 2*l. Is d(0) composite?
True
Let l(r) = -r**2 - 5*r + 1. Let x be l(-10). Let p = x + 120. Is p composite?
False
Suppose -4*z - r + 1640 = -1767, -4*z + 3398 = -2*r. Is z a composite number?
True
Suppose 4*x = 5*x. Let n(z) = -z**2 + z + 191. Is n(x) composite?
False
Let c = 29 + 24. Is c a prime number?
True
Is (356 - 0) + 0 + -1 prime?
False
Suppose -693 - 709 = -2*l. Is l a composite number?
False
Let m = 9 + -5. Let f(y) = -4*y - 4. Let x be f(m). Let c = 66 + x. Is c composite?
True
Suppose 0 = v - 3*q + 2 + 6, 0 = -2*v - 2*q. Is 149/(v + 0 + 3) a composite number?
False
Let w(j) = j**2 - 5*j + 13. Suppose 3*i + 4 = 4*i. Let o(s) = s + 5. Let l be o(i). Is w(l) a composite number?
True
Suppose 3*c - 311 = -4*r, -2*r + 1 = -3*r. Suppose c = 2*g - v - 0*v, 4*g = -3*v + 215. Is g composite?
False
Suppose -4*j = c - 508, c = j - 3*c - 127. Is j composite?
False
Let o(h) = h**2 - 10*h - 6. Let s be o(7). Let r = s - -49. Is r a composite number?
True
Let n(u) = u + 1. Let z be n(3). Suppose -z*i + 6*i = 2*c + 166, -4*c = 16. Is i a composite number?
False
Is (-10 - -5 - -7) + 2891 prime?
False
Let j be 5/(-20) + 2/8. Suppose 3*n - 15 = j, 2*a + 2*n = 9 + 5. Suppose -a*o - 72 = -2*q, 0 = -3*q - o + 62 + 50. Is q prime?
True
Is ((-22644)/24)/(1 + -4)*2 prime?
False
Let w(p) = -143*p. Is w(-1) a composite number?
True
Suppose 0 = -3*u + u + 1970. Suppose u = 3*c - 5*a, -5*a = -c - 3*c + 1320. Is c a prime number?
False
Let f = 292 - -268. Suppose 5*l = -3*p + f, 0*p + 15 = 3*p. Is l composite?
False
Let q(r) be the third derivative of -r**4/8 + 5*r**3/3 + 3*r**2. Is q(-7) a prime number?
True
Let i(u) = -4 - 6*u**2 - 3 + 4*u**2 - 4*u. Let j(f) = -5*f**2 - 9*f - 13. Let p(l) = 7*i(l) - 3*j(l). Is p(8) a composite number?
True
Suppose 0 = 6*l - 2*l - 1796. Is l a composite number?
False
Suppose 0*k - 2*k - 23 = -3*a, 5*a = 3*k + 37. Let r = 6 + a. Is r a prime number?
True
Suppose 3*d + 2158 = 5*f + 2*d, 0 = 5*f - 3*d - 2164. Is f a composite number?
False
Is (-11033)/(-44) + (-2)/(-8) composite?
False
Is (-7)/((-35)/6)*2685/6 prime?
False
Suppose 2*u - 4871 = -2*k + u, 3*k - 5*u = 7300. Is k composite?
True
Suppose q - 4*k + 1 + 7 = 0, 0 = -5*q - 3*k - 40. Is 1524/3*(-2)/q prime?
True
Is 563/(-5)*55/(-11) prime?
True
Let m be (-2 + 9/6)*-8. Suppose 0 = 8*c - m*c - 340. Is c a composite number?
True
Suppose 6 + 14 = -4*k. Let r = k - -20. Suppose -2*c + r = 3*h, 5*